s the hundreds digit of 390100?
1
What is the thousands digit of 19522347?
2
What is the hundred thousands digit of 20565844?
5
What is the ten thousands digit of 19914880?
1
What is the thousands digit of 6603046?
3
What is the ten thousands digit of 162070?
6
What is the thousands digit of 254418?
4
What is the units digit of 1471399?
9
What is the hundreds digit of 8422072?
0
What is the ten thousands digit of 9389023?
8
What is the ten thousands digit of 28997945?
9
What is the millions digit of 6552478?
6
What is the tens digit of 60617?
1
What is the ten thousands digit of 34679?
3
What is the hundred thousands digit of 7144371?
1
What is the hundred thousands digit of 699562?
6
What is the units digit of 325633?
3
What is the hundred thousands digit of 276435?
2
What is the hundreds digit of 12574949?
9
What is the thousands digit of 420151?
0
What is the thousands digit of 992551?
2
What is the tens digit of 3590438?
3
What is the tens digit of 1312166?
6
What is the hundred thousands digit of 432974?
4
What is the tens digit of 44640?
4
What is the hundreds digit of 179534?
5
What is the units digit of 4025915?
5
What is the hundred thousands digit of 4201831?
2
What is the hundred thousands digit of 385646?
3
What is the ten thousands digit of 2596101?
9
What is the hundreds digit of 29474?
4
What is the hundred thousands digit of 16131704?
1
What is the hundreds digit of 1631717?
7
What is the hundreds digit of 176094?
0
What is the millions digit of 14515387?
4
What is the ten thousands digit of 6447185?
4
What is the hundred thousands digit of 10920388?
9
What is the hundred thousands digit of 228748?
2
What is the tens digit of 1508448?
4
What is the hundred thousands digit of 105374?
1
What is the units digit of 12725728?
8
What is the tens digit of 678988?
8
What is the ten thousands digit of 268026?
6
What is the hundreds digit of 179857?
8
What is the hundreds digit of 26963?
9
What is the hundreds digit of 320625?
6
What is the hundred thousands digit of 565223?
5
What is the thousands digit of 6218343?
8
What is the hundred thousands digit of 1647972?
6
What is the hundreds digit of 521202?
2
What is the hundreds digit of 968036?
0
What is the millions digit of 7230487?
7
What is the hundred thousands digit of 108561?
1
What is the hundreds digit of 164225?
2
What is the tens digit of 167456?
5
What is the thousands digit of 879131?
9
What is the tens digit of 351192?
9
What is the thousands digit of 5672368?
2
What is the tens digit of 408038?
3
What is the thousands digit of 9348012?
8
What is the hundred thousands digit of 6854021?
8
What is the thousands digit of 293692?
3
What is the hundred thousands digit of 4036393?
0
What is the thousands digit of 171478?
1
What is the units digit of 267954?
4
What is the hundreds digit of 1275793?
7
What is the hundred thousands digit of 429261?
4
What is the thousands digit of 13037380?
7
What is the tens digit of 156669?
6
What is the thousands digit of 1964147?
4
What is the thousands digit of 416104?
6
What is the units digit of 7279605?
5
What is the thousands digit of 31050?
1
What is the ten thousands digit of 303732?
0
What is the hundreds digit of 1677721?
7
What is the tens digit of 634626?
2
What is the ten thousands digit of 3999841?
9
What is the hundred thousands digit of 5418692?
4
What is the units digit of 11211619?
9
What is the thousands digit of 2581375?
1
What is the hundred thousands digit of 1877302?
8
What is the hundreds digit of 6305616?
6
What is the ten thousands digit of 634613?
3
What is the thousands digit of 242642?
2
What is the hundred thousands digit of 9217161?
2
What is the units digit of 5128888?
8
What is the hundred thousands digit of 10604371?
6
What is the units digit of 938022?
2
What is the millions digit of 3583931?
3
What is the thousands digit of 14735?
4
What is the tens digit of 1316210?
1
What is the units digit of 467763?
3
What is the thousands digit of 1139742?
9
What is the tens digit of 94210?
1
What is the hundred thousands digit of 440178?
4
What is the hundred thousands digit of 612033?
6
What is the hundred thousands digit of 4835857?
8
What is the units digit of 741113?
3
What is the ten thousands digit of 126515?
2
What is the units digit of 5981968?
8
What is the units digit of 462189?
9
What is the units digit of 16586673?
3
What is the units digit of 489389?
9
What is the tens digit of 23720274?
7
What is the tens digit of 373235?
3
What is the thousands digit of 11614137?
4
What is the tens digit of 1134301?
0
What is the thousands digit of 290837?
0
What is the thousands digit of 37353?
7
What is the millions digit of 1027065?
1
What is the hundred thousands digit of 428087?
4
What is the units digit of 490846?
6
What is the thousands digit of 60227?
0
What is the ten thousands digit of 9154027?
5
What is the tens digit of 13467420?
2
What is the millions digit of 2277448?
2
What is the tens digit of 281813?
1
What is the units digit of 1213254?
4
What is the hundred thousands digit of 21676233?
6
What is the ten thousands digit of 4031998?
3
What is the millions digit of 13409636?
3
What is the tens digit of 11320240?
4
What is the hundred thousands digit of 11315449?
3
What is the millions digit of 1250824?
1
What is the units digit of 459268?
8
What is the hundreds digit of 6001295?
2
What is the thousands digit of 154349?
4
What is the tens digit of 9582304?
0
What is the tens digit of 5339736?
3
What is the ten thousands digit of 818333?
1
What is the ten thousands digit of 526793?
2
What is the units digit of 888257?
7
What is the ten thousands digit of 89636?
8
What is the ten thousands digit of 568858?
6
What is the ten millions digit of 22351770?
2
What is the ten millions digit of 25252150?
2
What is the units digit of 378957?
7
What is the thousands digit of 7290354?
0
What is the units digit of 734850?
0
What is the hundred thousands digit of 345989?
3
What is the hundred thousands digit of 8201336?
2
What is the hundreds digit of 457075?
0
What is the tens digit of 94905?
0
What is the hundreds digit of 173401?
4
What is the ten thousands digit of 7119437?
1
What is the hundred thousands digit of 152696?
1
What is the hundred thousands digit of 1386797?
3
What is the ten thousands digit of 125962?
2
What is the ten thousands digit of 19090917?
9
What is the hundreds digit of 5294862?
8
What is the hundreds digit of 674787?
7
What is the thousands digit of 959480?
9
What is the units digit of 946649?
9
What is the ten thousands digit of 642657?
4
What is the tens digit of 504235?
3
What is the units digit of 1941655?
5
What is the hundred thousands digit of 4376713?
3
What is the units digit of 1326645?
5
What is the hundred thousands digit of 22846024?
8
What is the thousands digit of 722566?
2
What is the millions digit of 5504360?
5
What is the hundred thousands digit of 995746?
9
What is the thousands digit of 5716015?
6
What is the ten thousands digit of 135564?
3
What is the units digit of 18291?
1
What is the units digit of 5613040?
0
What is the tens digit of 13116390?
9
What is the hundred thousands digit of 649360?
6
What is the units digit of 121903?
3
What is the tens digit of 45281?
8
What is the millions digit of 10441631?
0
What is the ten thousands digit of 131403?
3
What is the hundred thousands digit of 909832?
9
What is the hundred thousands digit of 612397?
6
What is the thousands digit of 369050?
9
What is the thousands digit of 205466?
5
What is the thousands digit of 10624?
0
What is the hundreds digit of 1155683?
6
What is the ten thousands digit of 11472?
1
What is the hundred thousands digit of 3537809?
5
What is the thousands digit of 337969?
7
What is the hundreds digit of 9706731?
7
What is the ten thousands digit of 571323?
7
What is the thousands digit of 11446162?
6
What is the hundreds digit of 8155855?
8
What is the units digit of 11831862?
2
What is the tens digit of 4178083?
8
What is the hundred thousands digit of 7126853?
1
What is the tens digit of 4315848?
4
What is the tens digit of 2597866?
6
What is the hundreds digit of 29916875?
8
What is the thousands digit of 31214?
1
What is the tens digit of 471701?
0
What is the thousands digit of 1654930?
4
What is 